i**3 - 2*i**2 - i - 4. Let d(t) = -t**3 + 10*t**2 - 9*t + 1. Let q be d(9). Let k = q - 1. Let n be (-1 + k)/((-3)/(-9)). What is m(n)?
8
Let c(g) = g**3 + 4*g**2 + g - 2. Let j be c(-3). Let v(f) = 2 + j + 2*f - 3 + 1. Calculate v(-5).
-6
Let g(w) = -3*w - 3. Let z(f) = 3 + 3*f - 3 - f + 3. Let u be z(-3). Give g(u).
6
Let j(v) = v**3 + 6*v**2 + 7*v + 5. Let u = 11 + -15. Give j(u).
9
Let l(t) be the first derivative of 2*t**3/3 - 3*t**2/2 + 2*t + 30. What is l(3)?
11
Suppose -5*l + 5*i - i = -14, 5*i = -4*l + 44. Let y(m) = -m**3 + 6*m**2 + m - 7. Calculate y(l).
-1
Let v(z) = -2 + 0*z - 2*z**3 + 0 + 0*z. Suppose -22 = p + 10*p. Calculate v(p).
14
Let n(s) = -4*s + 10. Let a(w) = -3*w + 9. Let i = 6 + -9. Let p(u) = i*a(u) + 2*n(u). Give p(6).
-1
Let y(t) = -t**2 + 20 - 10 - 2*t - 8. What is y(-3)?
-1
Let r(y) = -y**3 - 4*y**2 + 4*y - 1. Let f(o) = 2*o**3 - 3*o**2 + 2*o - 3. Let m be f(2). Suppose -5*s - 11 = -x + 13, -x - 26 = m*s. Determine r(s).
4
Let d(z) be the first derivative of z**2 + 4*z + 11. Determine d(-6).
-8
Let r(k) = -6*k**2 + 4*k + 1. Let j(a) = a**2 - a. Let i(o) = -10*j(o) - 2*r(o). What is i(2)?
10
Let b(t) = -7*t**2 + 2*t**2 + 5*t**3 + 1 + 2*t - 4*t**3 + 0. Suppose 0 + 4 = m. What is b(m)?
-7
Let p(a) = a**2 + 5*a + 6. Let w(c) = c. Let i(h) = p(h) + 2*w(h). Let r(t) = 2*t. Let g be r(-1). Let b be (-10)/(6 + -2 + g). Calculate i(b).
-4
Suppose -3*t + t - 12 = 0. Let p = -4 - t. Suppose q + p = -q. Let w(b) = -2*b**3. Give w(q).
2
Let v(q) = -13*q + 36*q - 20*q - q**2. What is v(3)?
0
Let c(o) = 7*o**2 - 15*o - 6. Let a(g) = -3*g**2 + 7*g + 3. Let z(l) = -5*a(l) - 2*c(l). Suppose 0 = f + n + 1, -4*f - n = -0*n - 11. What is z(f)?
-7
Suppose 0 = -3*h - 5*u - 9, 0*h - 12 = 4*h - 3*u. Let p(c) = c + 1. Determine p(h).
-2
Let j be (10/(-4))/(29/58). Let p(l) = -3*l**3 + 9*l**2 - 3*l + 2. Let q(o) = 2*o**3 - 8*o**2 + 2*o - 3. Let u(d) = 3*p(d) + 4*q(d). What is u(j)?
-1
Let v(p) = -p**3 + 3*p**2 + 4. Suppose 2*l - 11 = -i - 2, 3*i = -2*l + 3. Suppose y - 3*h + l = 0, -4*y + 3*y - 3*h = -12. Give v(y).
4
Let z(t) be the second derivative of t**4/12 + 2*t**3/3 - 3*t**2/2 - 14*t. Give z(-6).
9
Let h(g) be the first derivative of g**4/4 + 5*g**3/3 + 3*g**2/2 + 2*g + 25. Calculate h(-4).
6
Let j(g) be the third derivative of -g**4/24 - 6*g**2. Let f(l) = -l**2 - 6*l - 2. Let w be f(-5). Calculate j(w).
-3
Let m(t) = -7*t**2 + 8*t + 9. Let s(r) = 6*r**2 - 7*r - 8. Let h(z) = -5*m(z) - 6*s(z). Give h(3).
0
Let a(f) = -f - 6. Let d be a(-8). Let m(r) = 2*r - 3. Give m(d).
1
Suppose -3*j + 3 = -0. Let d(z) = 5*z**2 + 3*z + 1. Let t(h) = -5*h**2 - 2*h - 1. Let r(q) = -4*d(q) - 5*t(q). What is r(j)?
4
Let g(h) = -h**2 - 6*h - 3. Let m be g(-4). Let k be 0/(-4)*(-2)/4. Let u(f) = f - 1 + k - 5. Determine u(m).
-1
Let v(m) = 2*m**2 + 2*m + 3. Let l(s) = -3*s + 4. Let f be l(2). What is v(f)?
7
Let t(a) = -a**2 - 7*a - 8. Let j(o) be the first derivative of o**3/3 + 7*o**2/2 + 3. Let i be j(-6). Calculate t(i).
-2
Let o(z) = -5*z**3 - 20*z**2 - 26*z + 23. Let i(w) = 2*w**3 + 7*w**2 + 9*w - 8. Let y(b) = 8*i(b) + 3*o(b). Determine y(5).
0
Let r(a) be the first derivative of 5*a**3/3 - 12. Calculate r(-1).
5
Let v(y) = -y**3 - 3*y**2 + 5*y + 1. Let l be v(-4). Let n(q) = -q**2 - 6*q - 3. Let s be n(l). Let x(o) = -o**2 + 4*o - 1. Give x(s).
-13
Let u(g) = -4*g + 2. Suppose -3*t - 10 = -4. Let k = t - -5. What is u(k)?
-10
Let w(q) = 2 + 0*q + 0*q - 3*q. Suppose 5*h = 4*i + 12, -4*h + h = 5*i - 22. Suppose -h*a + 9 = 1. Determine w(a).
-4
Let w(c) be the third derivative of c**4/24 + 2*c**3/3 - 20*c**2. Let v be -2 + (-1)/(-2)*10. Calculate w(v).
7
Let s(i) be the first derivative of -3*i**2/2 + i + 23. Give s(2).
-5
Suppose -3*i + 0 = 9. Let w(q) = -q - 5. Give w(i).
-2
Let r be (-28)/(-24) - (-1 - -2) - 0. Let s(u) be the second derivative of 0*u**2 - r*u**3 + 0 - 4*u. Determine s(4).
-4
Let i(f) be the third derivative of -f**5/60 + 5*f**4/24 + f**3/6 - f**2. Calculate i(5).
1
Let u = -107 + 219/2. Let f(b) be the second derivative of -u*b**2 + b**3 + 0 - 3*b - 1/12*b**4. Calculate f(4).
3
Let w(u) be the first derivative of u**2/2 - 8*u - 14. Give w(8).
0
Let z = -16 - -27. Suppose k - z = -3*p, -k + 7 = 2*p + 1. Let n(j) = j**3 + 5*j + 0*j**2 + 3*j**2 + 4 + 2*j**2. Determine n(k).
0
Let m(b) = -b - 2. Suppose -3*d + 13 = -q, -4*q = -d + 5*d - 28. Let w = 8 - d. Give m(w).
-5
Let g(r) = r - 2. Let u(q) = 7*q**3 - 1. Let b be u(1). Let y be (-9)/(-12) + (-85)/(-20). Let h = b - y. Give g(h).
-1
Let g(a) = -2*a**3 - 2*a**2 - 2*a - 1. Let m = 7 + -7. Suppose m*o + 3*o + 3*j - 3 = 0, -3*j + 11 = -5*o. What is g(o)?
1
Let p(y) be the first derivative of y**5/60 - y**4/12 - y**2 + 3. Let z(x) be the second derivative of p(x). Calculate z(3).
3
Let f(y) = y**3 + y**2 - y. Let l(v) = -5*v**3 - 5*v**2 + 6*v + 6. Let m(r) = r. Let o be m(1). Let z(x) = o*l(x) + 6*f(x). What is z(0)?
6
Let f(n) = 16*n + 25. Let l(b) = -b**3 + 2. Let t be l(0). Let o(i) = 3*i + 5. Let k(j) = t*f(j) - 11*o(j). Calculate k(-5).
0
Let c be 13*(-2)/(4 + -2). Let l = c + 3. Let p be l/8*(7 - 3). Let k(y) = -y. Give k(p).
5
Suppose 4*q + 5*b - 10 = 3*q, 4*q + 4 = 2*b. Let c(f) = -f**3 - f**2 + 9. What is c(q)?
9
Let b = 7 - 7. Let z(x) = x**2 - 5. Calculate z(b).
-5
Suppose 2*v = 4*w - 32, v - 3*w = w - 26. Let q(x) = x**3 + 6*x**2 + 8*x + 6. Let c(o) = 2*o**3 + 12*o**2 + 17*o + 12. Let h(r) = 6*c(r) - 13*q(r). Give h(v).
6
Suppose -5*o + 2*w - 3 = -0*o, -19 = -3*o - 4*w. Let c be o/(-1*2/(-6)). Let g(k) = -k**3 + 3*k**2 + 3*k - 4. Give g(c).
5
Let s = 24 - 29. Let c(z) be the second derivative of -z**5/20 - z**4/3 + z**3 + z**2 + z. Calculate c(s).
-3
Let x(l) be the second derivative of -l**7/840 + l**6/72 + l**5/24 + l**3/3 + 3*l. Let p(f) be the second derivative of x(f). Calculate p(6).
-6
Let j(s) = s**3 - 2*s - 1. Let l be j(-1). Let t(o) be the second derivative of 0 - 3*o + 3/2*o**2 + 1/6*o**3. Determine t(l).
3
Let o = -14 + 16. Let b(g) be the second derivative of 0 + g + 0*g**2 - 1/6*g**4 + 1/20*g**5 + 1/6*g**3. What is b(o)?
2
Let s(c) = -c**2 - c + 1. Suppose -2*u + 5*u + 15 = 0, g - 25 = 4*u. Suppose g = 6*d - d. Calculate s(d).
-1
Suppose 0 = -3*v + 3*k, -6*v + 3*v = -k + 4. Let y(j) = -5*j. What is y(v)?
10
Let k(h) = -3*h + 2 + 0*h - 4 + 1. Let y(a) = a**2 - a - 1. Let x be y(0). Determine k(x).
2
Let y be -3 + -3 + 0/(1 + -3). Let i(g) = -g**2 - 8*g + 1. What is i(y)?
13
Let r(p) = -p**3 + 6*p**2 + 2*p - 8. Let w be r(6). Let l be 5/(-15)*(-4 - -1). Let b(c) = 3*c - c**2 - c**2 + c**2 + 3 - l. Determine b(w).
-2
Suppose -3 = 5*c - 18. Let t = -7 + 9. Let l(i) = 3 - 3 - 4*i + i**t - 2 + 5. Give l(c).
0
Let d(w) = w**2 + 3*w - 7. Suppose 2*h - 2*s = -2, 0*h - 2*s = -4*h + 6. Suppose 3*a - 1 = -4, -h*z + 3*a - 17 = 0. Determine d(z).
3
Let y(w) be the third derivative of w**5/60 + w**4/12 + 2*w**3/3 + 17*w**2. Give y(-4).
12
Let a = 3 + -3. Let g be a + 0 + (-18)/(-3). Let s(j) = 2*j - 3. Determine s(g).
9
Let j(g) = g**3 + 5*g**2 - 6*g - 5. Let s(o) = o**3 - 12*o**2 + 2*o - 18. Let n be s(12). Let d be 16/n*72/(-32). Give j(d).
-5
Let v(t) = t**3 + 6*t**2 - 8. Let z be 6*1*(-4 - -3). What is v(z)?
-8
Let p(z) = -36*z. Let i(l) = 4*l. Let r(f) = -28*i(f) - 3*p(f). Suppose 0 = -4*n + 64 - 60. Give r(n).
-4
Suppose -2*a = 6 - 0. Let u(l) = l**2 + l + 7. Let j(z) be the first derivative of -z**3/3 - 8*z + 3. Let f(y) = -4*j(y) - 5*u(y). Calculate f(a).
3
Let k(v) = -v**3 + 7*v**2 - 3*v - 8. Let l = -4 + 10. What is k(l)?
10
Let i be (10/15)/((-4)/(-3)). Let t(f) be the first derivative of 2 + i*f**2 - f. Calculate t(-2).
-3
Let l(a) = -a + 5. Suppose 0 = -3*o - 5 + 23. Determine l(o).
-1
Let u(q) = q. Let z be u(1). Let b(k) = 1 + 5*k**2 + 5 - 5. What is b(z)?
6
Let q(v) = v - 2. Suppose -8*s = -4*s - p - 7, -13 = -5*s - 3*p. Suppose -m - 9 = -s*m. Let d(z) = z**2 - 10*z + 11. Let i be d(m). Determine q(i).
0
Let j(g) be the first derivative of 1/2*g**2 + 1 + 1/3*g**3 - 9*g. Let i = 8 - 8. What is j(i)?
-9
Let f(z) = 2*z**2 - 3*z - 1. Let d be 3 + -4 + -2 + -5. Let i = d + 11. Determine f(i).
8
Let c be (3 - 1 - 2) + 6. Suppose 0 = -m + 3*a + 14, 0 = -4*m + a - c*a - 29. Let n be m/(1 - (-6)/(-8)). Let r(z) = z**3 + 5*z**2 + 3*z + 1. What is r(n)?
5
Let z